{"id":19847,"date":"2018-10-03T19:00:41","date_gmt":"2018-10-03T17:00:41","guid":{"rendered":"https:\/\/firmaitalia.it\/privacy\/"},"modified":"2021-07-29T16:55:04","modified_gmt":"2021-07-29T14:55:04","slug":"%d0%bf%d0%b0%d0%bb%d1%96%d1%82%d1%8b%d0%ba%d0%b0-%d0%bf%d1%80%d1%8b%d0%b2%d0%b0%d1%82%d0%bd%d0%b0%d1%81%d1%86%d1%96","status":"publish","type":"page","link":"https:\/\/firmaitalia.it\/blr\/%d0%bf%d0%b0%d0%bb%d1%96%d1%82%d1%8b%d0%ba%d0%b0-%d0%bf%d1%80%d1%8b%d0%b2%d0%b0%d1%82%d0%bd%d0%b0%d1%81%d1%86%d1%96\/","title":{"rendered":"\u041f\u0430\u043b\u0456\u0442\u044b\u043a\u0430 \u043f\u0440\u044b\u0432\u0430\u0442\u043d\u0430\u0441\u0446\u0456"},"content":{"rendered":"&nbsp;\r\n\r\nLa presente Cookie Policy ha lo scopo di illustrare i tipi e le categorie di cookie, le finalit\u00e0 e le modalit\u00e0 di utilizzo dei cookie da parte di FIRMA Italia S.p.A. , titolare del trattamento, con sede in Via Pavia, 38\/40 - 20835 Muggi\u00f2 (MB) - P.I. 02468910969, nonch\u00e9 di fornire indicazioni agli utenti circa le azioni per rifiutare o eliminare i cookie presenti sul sito: <a href=\"http:\/\/www.firmaitalia.it\/\" target=\"_blank\" rel=\"noopener\">http:\/\/www.firmaitalia.it\/<\/a>.\r\n\r\n&nbsp;\r\n\r\nLa presente Cookie Policy costituisce parte integrante dell\u2019Informativa privacy di cui al sito <a href=\"http:\/\/www.firmaitalia.it\/\" target=\"_blank\" rel=\"noopener\">http:\/\/www.firmaitalia.it\/<\/a> (consultabile dal link in calce a ciascun sito). L\u2019utente potr\u00e0 esercitare i diritti previsti dall\u2019art. 7 del d.lgs. 196\/03, scrivendo all\u2019indirizzo <a href=\"mailto:info@firmaitalia.it\">info@firmaitalia.it<\/a>, mentre per modificare le impostazioni sui cookie potr\u00e0 procedere seguendo le indicazioni presenti in questa Cookie Policy.\r\n\r\n&nbsp;\r\n\r\nL\u2019utente pu\u00f2 esprimere il proprio consenso all\u2019utilizzo dei cookie proseguendo la navigazione sul sito, ovvero compiendo un\u2019azione di scorrimento, cliccando su uno dei link interni delle pagine del sito, oppure cliccando sul tasto \u201cx\u201d dell\u2019informativa breve visibile (in basso a destra) ad ogni primo accesso sul sito, come previsto dal provvedimento del Garante per la protezione dei dati personali (n. 229 dell'8 maggio 2014)\r\n<h3><b>Che cosa sono i cookie?<\/b><\/h3>\r\nI cookie sono costituiti da porzioni di codice (file informatici o dati parziali) inviate da un server al browser Internet dell\u2019utente, da detto browser memorizzati automaticamente sul computer dell\u2019utente e rinviati automaticamente al server ad ogni occorrenza o successivo accesso al sito. Solitamente un cookie contiene il nome del sito internet dal quale il cookie stesso proviene, la durata vitale del cookie (ovvero per quanto tempo rimarr\u00e0 sul dispositovo dell\u2019utente) ed un valore, che di regola \u00e8 un numero unico generato in modo casuale. Ad ogni visita successiva i cookie sono rinviati al sito web che li ha originati (cookie di prime parti) o a un altro sito che li riconosce (cookie di terze parti). I cookie sono utili perch\u00e9 consentono a un sito web di riconoscere il dispositovo dell\u2019utente e hanno diverse finalit\u00e0 come, per esempio, consentire di navigare efficientemente tra le pagine, ricordare il sito preferiti e, in generale, migliorare l'esperienza di navigazione. Contribuiscono anche a garantire che i contenuti pubblicitari visualizzati online siano pi\u00f9 mirati ad un utente e ai suoi interessi.\r\n\r\nSe l\u2019utente decide di disabilitare i cookie, ci\u00f2 potrebbe influenzare e\/o limitare la sua esperienza di navigazione all\u2019interno del sito, per esempio potrebbe non essere in grado di visitare determinate sezioni di un Sito o potrebbe non ricevere informazioni personalizzate quando visita il sito.\r\n<h3><b>Come funzionano e come si eliminano i cookie?<\/b><\/h3>\r\nLe modalit\u00e0 di funzionamento nonch\u00e9 le opzioni per limitare o bloccare i cookie, possono essere regolate modificando le impostazioni del proprio browser internet. La maggioranza dei browser internet sono inizialmente impostati per accettare i cookie in modo automatico, l\u2019utente pu\u00f2 tuttavia modificare queste impostazioni per bloccare i cookie o per essere avvertito ogniqualvolta dei cookie vengano inviati al suo dispositovo. Esistono diversi modi per gestire i cookie, a tal fine occorre fare riferimento al manuale di istruzioni o alla schermata di aiuto del proprio browser per verificare come regolare o modificare le impostazioni dello stesso. L\u2019utente \u00e8 abilitato, infatti, a modificare la configurazione predefinita e disabilitare i cookie (cio\u00e8 bloccarli in via definitiva), impostando il livello di protezione pi\u00f9 elevato.\r\n\r\nQui sotto il percorso da seguire per gestire i cookie dai seguenti browser:\r\n\r\nExplorer:<a href=\"http:\/\/windows.microsoft.com\/it-it\/windows7\/block-enable-or-allow-cookies\"> http:\/\/windows.microsoft.com\/it-it\/windows7\/block-enable-or-allow-cookies<\/a>\r\n\r\nSafari:<a href=\"http:\/\/support.apple.com\/kb\/PH11913\"> http:\/\/support.apple.com\/kb\/PH11913<\/a>\r\n\r\nChrome:<a href=\"https:\/\/support.google.com\/chrome\/answer\/95647?hl=it-IT&amp;hlrm=fr&amp;hlrm=en\"> https:\/\/support.google.com\/chrome\/answer\/95647?hl=it-IT&amp;hlrm=fr&amp;hlrm=en<\/a>\r\n\r\nFirefox:<a href=\"http:\/\/support.mozilla.org\/it-IT\/kb\/enable-and-disable-cookies-website-preferences\"> http:\/\/support.mozilla.org\/it-IT\/kb\/enable-and-disable-cookies-website-preferences<\/a>\r\n\r\nSe l\u2019utente usa dispositovi diversi tra loro per visualizzare e accedere ail sito (per esempio, computer, smartphone, tablet, ecc.), deve assicurarsi che ciascun browser su ciascun dispositovo sia regolato per riflettere le proprie preferenze relative ai cookie. Per eliminare i cookie dal browser Internet del proprio smartphone\/tablet \u00e8 necessario fare riferimento al manuale d\u2019uso del dispositovo.\r\n<h3><b>Quali tipologie e categorie di cookie utilizza <\/b> http:\/\/www.firmaitalia.it\/<b> e per quali finalit\u00e0?<\/b><\/h3>\r\nIl sito utilizza diverse tipologie di cookie ognuna delle quali ha una specifica funzione. FIRMA Italia S.p.A. utilizza i cookie per rendere l\u2019uso del sito pi\u00f9 semplice e per meglio adattare sia il sito che i propri prodotti agli interessi e ai bisogni degli utenti. I cookie possono essere usati anche per velocizzare le future esperienze e le attivit\u00e0 degli utenti sul sito. Inoltre, FIRMA Italia S.p.A. utilizza i cookie per compilare statistiche anonime aggregate che consentono di capire come gli utenti utilizzano il sito e per migliorare la struttura e i contenuti del sito stessi.\r\n\r\nDi seguito un elenco esplicativo.\r\n\r\n<strong>Cookie tecnici<\/strong>\r\n\r\nI cookie \u201ctecnici\u201d sono essenziali per il corretto funzionamento del sito e consentono agli utenti di navigare sul sito e di sfruttarne le caratteristiche (ad esempio consentono la memorizzazione di azioni precedenti o permettono di salvare la sessione dell\u2019utente e\/o di svolgere altre attivit\u00e0 strettamente necessarie al funzionamento del sito).\r\n\r\nA questa categoria appartengono anche i cookie \u201canalitici\u201d che aiutano FIRMA Italia S.p.A. a capire come gli utenti interagiscono con il sito fornendo informazioni relative all\u2019ultima pagina visitata, il numero di sezioni e pagine visitate, al tempo trascorso sul sito e ad ogni vicenda sia emersa nel corso della navigazione, come ad esempio un messaggio di errore, e aiutano a comprendere ogni difficolt\u00e0 che l\u2019utente incontra nell\u2019utilizzo del sito. Queste informazioni potrebbero essere associate a dettagli dell\u2019utente quali indirizzo IP, dominio o browser; tuttavia, vengono analizzate insieme a informazioni di altri utenti in modo da non identificare un determinato utente rispetto all\u2019altro. Questi cookie vengono raccolti e aggregati in forma anonima e consentono a FIRMA Italia S.p.A. di migliorare la resa del sito.\r\n\r\nInfine, i cookie di \u201cfunzionalit\u00e0\u201d permettono ail sito di ricordare le scelte dell\u2019utente (per esempio il nome utente) per fornire a quest\u2019ultimo una navigazione pi\u00f9 personalizzata ed ottimizzata. I cookie funzionali non sono indispensabili al funzionamento del sito, ma ne migliorano la qualit\u00e0 e l'esperienza di navigazione. Se non si accettano questi cookie, la resa e la funzionalit\u00e0 del sito potrebbero risultare inferiori e l\u2019accesso ai contenuti del sito potrebbe risultare limitato.\r\n\r\n<strong>Cookie di profilazione<\/strong>\r\n\r\nI cookie di \u201ctargeting\u201d o di \u201cprofilazione\u201d sono utilizzati per presentare contenuti pi\u00f9 adatti all\u2019utente e ai suoi interessi. Possono essere utilizzati per visualizzare pubblicit\u00e0 mirate, per pubblicare inserzioni pubblicitarie personalizzate in base agli interessi dell\u2019utente o per limitare il numero di volte che l\u2019utente visualizza una pubblicit\u00e0. Inoltre, aiutano a misurare l\u2019efficacia delle campagne pubblicitarie sul sito; FIRMA Italia S.p.A. potrebbe usare questi cookie per ricordare il sito che l\u2019utente ha visitato e condividere queste informazioni con terze parti, incluse agenzie e inserzionisti che potrebbero usare i loro cookie per raccogliere informazioni sulle attivit\u00e0 che compiute dagli utenti sul sito.\r\n\r\nI cookie di \u201ccondivisione\u201d (o di social network) sono necessari per permettere all\u2019utente di interagire con il sito attraverso il proprio account social e servono, ad esempio, per esprimere un apprezzamento e per condividerlo con i relativi contatti social.\r\n\r\nIl sito <a href=\"http:\/\/www.firmaitalia.it\/\" target=\"_blank\" rel=\"noopener\">http:\/\/www.firmaitalia.it\/<\/a> utilizza o pu\u00f2 utilizzare, anche in combinazione tra di loro, cookie:\r\n<ul>\r\n \t<li>di <i>\u201csessione\u201d<\/i> che vengono memorizzati sul computer dell\u2019utente per mere esigenze tecnico-funzionali, per la trasmissione di identificativi di sessione necessari per consentire l\u2019esplorazione sicura ed efficiente del sito; essi si cancellano al termine della \u201csessione\u201d (da cui il nome) con la chiusura del browser;<\/li>\r\n \t<li><i>\u201cpersistenti\u201d<\/i> che rimangono memorizzati sul disco rigido del computer fino alla loro scadenza o cancellazione da parte degli utenti. Tramite i cookie persistenti gli utenti che accedono ail sito (o eventuali altri utenti che impiegano il medesimo computer) vengono automaticamente riconosciuti a ogni visita.<\/li>\r\n<\/ul>\r\n&nbsp;\r\n<h3><b>Cookie di terza parte<\/b><\/h3>\r\nQuando un utente utilizza il sito, \u00e8 possibile che vengano memorizzati alcuni cookie non controllati da FIRMA Italia S.p.A. . Questo accade, per esempio, se l\u2019utente visita una pagina che contiene contenuti di un sito web di terzi. Di conseguenza, l\u2019utente ricever\u00e0 cookie da questi servizi di terze parti. Sui cookie di terza parte FIRMA Italia S.p.A. non ha il controllo delle informazioni fornite dal cookie e non ha accesso a tali dati. Queste informazioni sono controllate totalmente dalle societ\u00e0 terze secondo quanto descritto nelle rispettive privacy policy.\r\n\r\nLa tabella che segue riporta i cookie di terza parte che potrebbero essere presenti sul sito <a href=\"http:\/\/www.firmaitalia.it\/\" target=\"_blank\" rel=\"noopener\">http:\/\/www.firmaitalia.it\/<\/a>. Questi ultimi ricadono sotto la diretta ed esclusiva responsabilit\u00e0 del gestore terzo e sono suddivisi nelle seguenti macro-categorie:\r\n<ul>\r\n \t<li><i>Analitici<\/i>: sono i cookie utilizzati per raccogliere e analizzare informazioni statistiche sugli accessi\/le visite al sito web. In alcuni casi, associati ad altre informazioni quali le credenziali inserite per l\u2019accesso ad aree riservate (il proprio indirizzo di posta elettronica e la password), possono essere utilizzate per profilare l\u2019utente (abitudini personali, sito visitati, contenuti scaricati, tipi di interazioni effettuate, ecc.).<\/li>\r\n \t<li><i>Widgets<\/i>. Rientrano in questa categoria tutti quei componenti grafici di una interfaccia utente di un programma, che ha lo scopo di facilitare l'utente nell'interazione con il programma stesso (a titolo esemplificativo sono widgets i cookie di Facebook, Google+, Twitter).<\/li>\r\n \t<li><i>Advertsing<\/i>. Rientrano in questa categoria i cookie utilizzati per erogare servizi pubblicitari all\u2019interno di un sito.<\/li>\r\n<\/ul>\r\nSe l\u2019utente non desidera ricevere cookie di terze parti sul proprio dispositovo potr\u00e0, attraverso i link di seguito riportati, accedere alle informative e ai moduli di consenso di dette terze parti ed escluderne il ricevimento.\r\n\r\nQuesti cookie non vengono controllati direttamente dal sito, pertanto, per revocare il consenso \u00e8 necessario fare riferimento ail sito internet delle terze parti oppure fare riferimento al sito<a href=\"http:\/\/www.youronlinechoices.com\/it\/\"> <b>www.youronlinechoices.com\/it\/<\/b><\/a> per ottenere informazioni su come poter eliminare o gestire i cookie in base al browser utilizzato e per gestire le preferenze sui cookie di profilazione di terza parte.\r\n\r\n&nbsp;\r\n<table>\r\n<tbody>\r\n<tr>\r\n<td><b>Cookie<\/b><\/td>\r\n<td><b>Utilizzo Primario<\/b><\/td>\r\n<td><b>Profilazione<\/b><\/td>\r\n<td><b>Link<\/b><\/td>\r\n<\/tr>\r\n<tr>\r\n<td>AddThis<\/td>\r\n<td>Widgets<\/td>\r\n<td>si<\/td>\r\n<td><a href=\"http:\/\/www.addthis.com\/privacy\/opt-out\" target=\"_blank\" rel=\"noopener\">http:\/\/www.addthis.com\/privacy\/opt-out<\/a><\/td>\r\n<\/tr>\r\n<tr>\r\n<td>Brightcove<\/td>\r\n<td>Widgets\/Analitico<\/td>\r\n<td>no<\/td>\r\n<td><a href=\"https:\/\/www.brightcove.com\/en\/privacy\" target=\"_blank\" rel=\"noopener\">https:\/\/www.brightcove.com\/en\/privacy<\/a><\/td>\r\n<\/tr>\r\n<tr>\r\n<td>ChartBeat<\/td>\r\n<td>Analitici<\/td>\r\n<td>no<\/td>\r\n<td><a href=\"https:\/\/chartbeat.com\/privacy\/\" target=\"_blank\" rel=\"noopener\">https:\/\/chartbeat.com\/privacy\/<\/a><\/td>\r\n<\/tr>\r\n<tr>\r\n<td>ClickTale<\/td>\r\n<td>Analitici<\/td>\r\n<td>no<\/td>\r\n<td><a href=\"http:\/\/www.clicktale.com\/privacy-policy\" target=\"_blank\" rel=\"noopener\">http:\/\/www.clicktale.com\/privacy-policy<\/a><\/td>\r\n<\/tr>\r\n<tr>\r\n<td>Commission Junction<\/td>\r\n<td>Analitici<\/td>\r\n<td>si<\/td>\r\n<td><a href=\"http:\/\/www.cj.com\/legal\/terms\" target=\"_blank\" rel=\"noopener\">http:\/\/www.cj.com\/legal\/terms<\/a><\/td>\r\n<\/tr>\r\n<tr>\r\n<td>Crazy Egg<\/td>\r\n<td>Analitici<\/td>\r\n<td>no<\/td>\r\n<td><a href=\"https:\/\/www.crazyegg.com\/opt-out\" target=\"_blank\" rel=\"noopener\">https:\/\/www.crazyegg.com\/opt-out<\/a><\/td>\r\n<\/tr>\r\n<tr>\r\n<td>DoubleClick<\/td>\r\n<td>Advertising<\/td>\r\n<td>si<\/td>\r\n<td><a href=\"https:\/\/www.google.com\/ads\/preferences\/?hl=it\" target=\"_blank\" rel=\"noopener\">https:\/\/www.google.com\/ads\/preferences\/?hl=it<\/a><\/td>\r\n<\/tr>\r\n<tr>\r\n<td>Facebook<\/td>\r\n<td>Widgets<\/td>\r\n<td>si<\/td>\r\n<td><a href=\"https:\/\/www.facebook.com\/help\/cookies\/?ref=sitefooter\" target=\"_blank\" rel=\"noopener\">https:\/\/www.facebook.com\/help\/cookies\/?ref=sitefooter<\/a><\/td>\r\n<\/tr>\r\n<tr>\r\n<td>Google<\/td>\r\n<td>Widgets\/Analitico<\/td>\r\n<td>si<\/td>\r\n<td><a href=\"https:\/\/tools.google.com\/dlpage\/gaoptout?hl=it\" target=\"_blank\" rel=\"noopener\">https:\/\/tools.google.com\/dlpage\/gaoptout?hl=it<\/a><\/td>\r\n<\/tr>\r\n<tr>\r\n<td>Livefyre<\/td>\r\n<td>Widgets<\/td>\r\n<td>no<\/td>\r\n<td><a href=\"http:\/\/legal.livefyre.com\/privacy\/\" target=\"_blank\" rel=\"noopener\">http:\/\/legal.livefyre.com\/privacy\/<\/a><\/td>\r\n<\/tr>\r\n<tr>\r\n<td>NetRatings SiteCensus<\/td>\r\n<td>Analitici<\/td>\r\n<td>si<\/td>\r\n<td><a href=\"http:\/\/www.nielsen.com\/us\/en\/privacy-policy\/website-privacy-policy.html\">http:\/\/www.nielsen.com\/us\/en\/privacy-policy\/website-privacy-policy.html<\/a><\/td>\r\n<\/tr>\r\n<tr>\r\n<td>Outbrain<\/td>\r\n<td>Widgets<\/td>\r\n<td>si<\/td>\r\n<td><a href=\"http:\/\/www.sizmek.com\/about-us\/cookie\" target=\"_blank\" rel=\"noopener\">http:\/\/www.outbrain.com\/legal\/privacy-713\/<\/a><\/td>\r\n<\/tr>\r\n<tr>\r\n<td>ShareThis<\/td>\r\n<td>Widgets<\/td>\r\n<td>si<\/td>\r\n<td><a href=\"http:\/\/www.sizmek.com\/about-us\/cookie\" target=\"_blank\" rel=\"noopener\">http:\/\/www.sharethis.com\/legal\/privacy<\/a><\/td>\r\n<\/tr>\r\n<tr>\r\n<td>Sizmek<\/td>\r\n<td>Advertising<\/td>\r\n<td>si<\/td>\r\n<td><a href=\"http:\/\/www.sizmek.com\/about-us\/cookie\" target=\"_blank\" rel=\"noopener\">http:\/\/www.sizmek.com\/about-us\/cookie<\/a><\/td>\r\n<\/tr>\r\n<tr>\r\n<td>Twitter Button<\/td>\r\n<td>Widgets<\/td>\r\n<td>si<\/td>\r\n<td><a href=\"https:\/\/twitter.com\/settings\/security\" target=\"_blank\" rel=\"noopener\">https:\/\/twitter.com\/settings\/security<\/a><\/td>\r\n<\/tr>\r\n<tr>\r\n<td>Visual Revenue<\/td>\r\n<td>Analitici<\/td>\r\n<td>no<\/td>\r\n<td><a href=\"http:\/\/www.outbrain.com\/legal\/privacy-713\/\" target=\"_blank\" rel=\"noopener\">http:\/\/www.outbrain.com\/legal\/privacy-713\/<\/a><\/td>\r\n<\/tr>\r\n<tr>\r\n<td>Webtrekk<\/td>\r\n<td>Analitici<\/td>\r\n<td>si<\/td>\r\n<td><a href=\"https:\/\/www.webtrekk.com\/en\/index\/opt-out-webtrekk\/\" target=\"_blank\" rel=\"noopener\">https:\/\/www.webtrekk.com\/en\/index\/opt-out-webtrekk\/<\/a><\/td>\r\n<\/tr>\r\n<\/tbody>\r\n<\/table>","protected":false},"excerpt":{"rendered":"<p>&nbsp; La presente Cookie Policy ha lo scopo di illustrare i tipi e le categorie di cookie, le finalit\u00e0 e le modalit\u00e0 di utilizzo dei cookie da parte di FIRMA Italia S.p.A. , titolare del trattamento, con sede in Via Pavia, 38\/40 &#8211; 20835 Muggi\u00f2 (MB) &#8211; P.I. 02468910969, nonch\u00e9 di fornire indicazioni agli utenti [&hellip;]<\/p>\n","protected":false},"author":3,"featured_media":0,"parent":0,"menu_order":0,"comment_status":"closed","ping_status":"closed","template":"","meta":{"footnotes":""},"class_list":["post-19847","page","type-page","status-publish","hentry"],"yoast_head":"<!-- This site is optimized with the Yoast SEO plugin v26.8 - https:\/\/yoast.com\/product\/yoast-seo-wordpress\/ -->\n<title>\u041f\u0430\u043b\u0456\u0442\u044b\u043a\u0430 \u043f\u0440\u044b\u0432\u0430\u0442\u043d\u0430\u0441\u0446\u0456 &#171; Firma Italia<\/title>\n<meta name=\"robots\" content=\"index, follow, max-snippet:-1, max-image-preview:large, max-video-preview:-1\" \/>\n<link rel=\"canonical\" href=\"https:\/\/firmaitalia.it\/blr\/%d0%bf%d0%b0%d0%bb%d1%96%d1%82%d1%8b%d0%ba%d0%b0-%d0%bf%d1%80%d1%8b%d0%b2%d0%b0%d1%82%d0%bd%d0%b0%d1%81%d1%86%d1%96\/\" \/>\n<meta property=\"og:locale\" content=\"en_US\" \/>\n<meta property=\"og:type\" content=\"article\" \/>\n<meta property=\"og:title\" content=\"\u041f\u0430\u043b\u0456\u0442\u044b\u043a\u0430 \u043f\u0440\u044b\u0432\u0430\u0442\u043d\u0430\u0441\u0446\u0456 &#171; Firma Italia\" \/>\n<meta property=\"og:description\" content=\"&nbsp; La presente Cookie Policy ha lo scopo di illustrare i tipi e le categorie di cookie, le finalit\u00e0 e le modalit\u00e0 di utilizzo dei cookie da parte di FIRMA Italia S.p.A. , titolare del trattamento, con sede in Via Pavia, 38\/40 - 20835 Muggi\u00f2 (MB) - P.I. 02468910969, nonch\u00e9 di fornire indicazioni agli utenti [&hellip;]\" \/>\n<meta property=\"og:url\" content=\"https:\/\/firmaitalia.it\/blr\/%d0%bf%d0%b0%d0%bb%d1%96%d1%82%d1%8b%d0%ba%d0%b0-%d0%bf%d1%80%d1%8b%d0%b2%d0%b0%d1%82%d0%bd%d0%b0%d1%81%d1%86%d1%96\/\" \/>\n<meta property=\"og:site_name\" content=\"Firma Italia\" \/>\n<meta property=\"article:modified_time\" content=\"2021-07-29T14:55:04+00:00\" \/>\n<meta name=\"twitter:card\" content=\"summary_large_image\" \/>\n<meta name=\"twitter:label1\" content=\"Est. reading time\" \/>\n\t<meta name=\"twitter:data1\" content=\"9 minutes\" \/>\n<script type=\"application\/ld+json\" class=\"yoast-schema-graph\">{\"@context\":\"https:\/\/schema.org\",\"@graph\":[{\"@type\":\"WebPage\",\"@id\":\"https:\/\/firmaitalia.it\/blr\/%d0%bf%d0%b0%d0%bb%d1%96%d1%82%d1%8b%d0%ba%d0%b0-%d0%bf%d1%80%d1%8b%d0%b2%d0%b0%d1%82%d0%bd%d0%b0%d1%81%d1%86%d1%96\/\",\"url\":\"https:\/\/firmaitalia.it\/blr\/%d0%bf%d0%b0%d0%bb%d1%96%d1%82%d1%8b%d0%ba%d0%b0-%d0%bf%d1%80%d1%8b%d0%b2%d0%b0%d1%82%d0%bd%d0%b0%d1%81%d1%86%d1%96\/\",\"name\":\"\u041f\u0430\u043b\u0456\u0442\u044b\u043a\u0430 \u043f\u0440\u044b\u0432\u0430\u0442\u043d\u0430\u0441\u0446\u0456 &#171; Firma Italia\",\"isPartOf\":{\"@id\":\"https:\/\/firmaitalia.it\/blr\/#website\"},\"datePublished\":\"2018-10-03T17:00:41+00:00\",\"dateModified\":\"2021-07-29T14:55:04+00:00\",\"breadcrumb\":{\"@id\":\"https:\/\/firmaitalia.it\/blr\/%d0%bf%d0%b0%d0%bb%d1%96%d1%82%d1%8b%d0%ba%d0%b0-%d0%bf%d1%80%d1%8b%d0%b2%d0%b0%d1%82%d0%bd%d0%b0%d1%81%d1%86%d1%96\/#breadcrumb\"},\"inLanguage\":\"blr-BLR\",\"potentialAction\":[{\"@type\":\"ReadAction\",\"target\":[\"https:\/\/firmaitalia.it\/blr\/%d0%bf%d0%b0%d0%bb%d1%96%d1%82%d1%8b%d0%ba%d0%b0-%d0%bf%d1%80%d1%8b%d0%b2%d0%b0%d1%82%d0%bd%d0%b0%d1%81%d1%86%d1%96\/\"]}]},{\"@type\":\"BreadcrumbList\",\"@id\":\"https:\/\/firmaitalia.it\/blr\/%d0%bf%d0%b0%d0%bb%d1%96%d1%82%d1%8b%d0%ba%d0%b0-%d0%bf%d1%80%d1%8b%d0%b2%d0%b0%d1%82%d0%bd%d0%b0%d1%81%d1%86%d1%96\/#breadcrumb\",\"itemListElement\":[{\"@type\":\"ListItem\",\"position\":1,\"name\":\"Home\",\"item\":\"https:\/\/firmaitalia.it\/blr\/\"},{\"@type\":\"ListItem\",\"position\":2,\"name\":\"\u041f\u0430\u043b\u0456\u0442\u044b\u043a\u0430 \u043f\u0440\u044b\u0432\u0430\u0442\u043d\u0430\u0441\u0446\u0456\"}]},{\"@type\":\"WebSite\",\"@id\":\"https:\/\/firmaitalia.it\/blr\/#website\",\"url\":\"https:\/\/firmaitalia.it\/blr\/\",\"name\":\"Firma Italia\",\"description\":\"Fabbrica Italiana Risotti Minestre &amp; Affini\",\"potentialAction\":[{\"@type\":\"SearchAction\",\"target\":{\"@type\":\"EntryPoint\",\"urlTemplate\":\"https:\/\/firmaitalia.it\/blr\/?s={search_term_string}\"},\"query-input\":{\"@type\":\"PropertyValueSpecification\",\"valueRequired\":true,\"valueName\":\"search_term_string\"}}],\"inLanguage\":\"blr-BLR\"}]}<\/script>\n<!-- \/ Yoast SEO plugin. -->","yoast_head_json":{"title":"\u041f\u0430\u043b\u0456\u0442\u044b\u043a\u0430 \u043f\u0440\u044b\u0432\u0430\u0442\u043d\u0430\u0441\u0446\u0456 &#171; Firma Italia","robots":{"index":"index","follow":"follow","max-snippet":"max-snippet:-1","max-image-preview":"max-image-preview:large","max-video-preview":"max-video-preview:-1"},"canonical":"https:\/\/firmaitalia.it\/blr\/%d0%bf%d0%b0%d0%bb%d1%96%d1%82%d1%8b%d0%ba%d0%b0-%d0%bf%d1%80%d1%8b%d0%b2%d0%b0%d1%82%d0%bd%d0%b0%d1%81%d1%86%d1%96\/","og_locale":"en_US","og_type":"article","og_title":"\u041f\u0430\u043b\u0456\u0442\u044b\u043a\u0430 \u043f\u0440\u044b\u0432\u0430\u0442\u043d\u0430\u0441\u0446\u0456 &#171; Firma Italia","og_description":"&nbsp; La presente Cookie Policy ha lo scopo di illustrare i tipi e le categorie di cookie, le finalit\u00e0 e le modalit\u00e0 di utilizzo dei cookie da parte di FIRMA Italia S.p.A. , titolare del trattamento, con sede in Via Pavia, 38\/40 - 20835 Muggi\u00f2 (MB) - P.I. 02468910969, nonch\u00e9 di fornire indicazioni agli utenti [&hellip;]","og_url":"https:\/\/firmaitalia.it\/blr\/%d0%bf%d0%b0%d0%bb%d1%96%d1%82%d1%8b%d0%ba%d0%b0-%d0%bf%d1%80%d1%8b%d0%b2%d0%b0%d1%82%d0%bd%d0%b0%d1%81%d1%86%d1%96\/","og_site_name":"Firma Italia","article_modified_time":"2021-07-29T14:55:04+00:00","twitter_card":"summary_large_image","twitter_misc":{"Est. reading time":"9 minutes"},"schema":{"@context":"https:\/\/schema.org","@graph":[{"@type":"WebPage","@id":"https:\/\/firmaitalia.it\/blr\/%d0%bf%d0%b0%d0%bb%d1%96%d1%82%d1%8b%d0%ba%d0%b0-%d0%bf%d1%80%d1%8b%d0%b2%d0%b0%d1%82%d0%bd%d0%b0%d1%81%d1%86%d1%96\/","url":"https:\/\/firmaitalia.it\/blr\/%d0%bf%d0%b0%d0%bb%d1%96%d1%82%d1%8b%d0%ba%d0%b0-%d0%bf%d1%80%d1%8b%d0%b2%d0%b0%d1%82%d0%bd%d0%b0%d1%81%d1%86%d1%96\/","name":"\u041f\u0430\u043b\u0456\u0442\u044b\u043a\u0430 \u043f\u0440\u044b\u0432\u0430\u0442\u043d\u0430\u0441\u0446\u0456 &#171; Firma Italia","isPartOf":{"@id":"https:\/\/firmaitalia.it\/blr\/#website"},"datePublished":"2018-10-03T17:00:41+00:00","dateModified":"2021-07-29T14:55:04+00:00","breadcrumb":{"@id":"https:\/\/firmaitalia.it\/blr\/%d0%bf%d0%b0%d0%bb%d1%96%d1%82%d1%8b%d0%ba%d0%b0-%d0%bf%d1%80%d1%8b%d0%b2%d0%b0%d1%82%d0%bd%d0%b0%d1%81%d1%86%d1%96\/#breadcrumb"},"inLanguage":"blr-BLR","potentialAction":[{"@type":"ReadAction","target":["https:\/\/firmaitalia.it\/blr\/%d0%bf%d0%b0%d0%bb%d1%96%d1%82%d1%8b%d0%ba%d0%b0-%d0%bf%d1%80%d1%8b%d0%b2%d0%b0%d1%82%d0%bd%d0%b0%d1%81%d1%86%d1%96\/"]}]},{"@type":"BreadcrumbList","@id":"https:\/\/firmaitalia.it\/blr\/%d0%bf%d0%b0%d0%bb%d1%96%d1%82%d1%8b%d0%ba%d0%b0-%d0%bf%d1%80%d1%8b%d0%b2%d0%b0%d1%82%d0%bd%d0%b0%d1%81%d1%86%d1%96\/#breadcrumb","itemListElement":[{"@type":"ListItem","position":1,"name":"Home","item":"https:\/\/firmaitalia.it\/blr\/"},{"@type":"ListItem","position":2,"name":"\u041f\u0430\u043b\u0456\u0442\u044b\u043a\u0430 \u043f\u0440\u044b\u0432\u0430\u0442\u043d\u0430\u0441\u0446\u0456"}]},{"@type":"WebSite","@id":"https:\/\/firmaitalia.it\/blr\/#website","url":"https:\/\/firmaitalia.it\/blr\/","name":"Firma Italia","description":"Fabbrica Italiana Risotti Minestre &amp; Affini","potentialAction":[{"@type":"SearchAction","target":{"@type":"EntryPoint","urlTemplate":"https:\/\/firmaitalia.it\/blr\/?s={search_term_string}"},"query-input":{"@type":"PropertyValueSpecification","valueRequired":true,"valueName":"search_term_string"}}],"inLanguage":"blr-BLR"}]}},"_links":{"self":[{"href":"https:\/\/firmaitalia.it\/blr\/wp-json\/wp\/v2\/pages\/19847","targetHints":{"allow":["GET"]}}],"collection":[{"href":"https:\/\/firmaitalia.it\/blr\/wp-json\/wp\/v2\/pages"}],"about":[{"href":"https:\/\/firmaitalia.it\/blr\/wp-json\/wp\/v2\/types\/page"}],"author":[{"embeddable":true,"href":"https:\/\/firmaitalia.it\/blr\/wp-json\/wp\/v2\/users\/3"}],"replies":[{"embeddable":true,"href":"https:\/\/firmaitalia.it\/blr\/wp-json\/wp\/v2\/comments?post=19847"}],"version-history":[{"count":1,"href":"https:\/\/firmaitalia.it\/blr\/wp-json\/wp\/v2\/pages\/19847\/revisions"}],"predecessor-version":[{"id":19849,"href":"https:\/\/firmaitalia.it\/blr\/wp-json\/wp\/v2\/pages\/19847\/revisions\/19849"}],"wp:attachment":[{"href":"https:\/\/firmaitalia.it\/blr\/wp-json\/wp\/v2\/media?parent=19847"}],"curies":[{"name":"wp","href":"https:\/\/api.w.org\/{rel}","templated":true}]}}